base 2) to base 13
-c57
What is 33a (base 12) in base 16?
1de
-341224 (base 5) to base 10
-12064
Convert 1102332 (base 5) to base 3.
222012010
What is -110011100100 (base 2) in base 9?
-4466
110000100001000 (base 2) to base 6
311000
Convert 27a2 (base 15) to base 7.
33500
Convert 8200 (base 9) to base 6.
43430
258 (base 16) to base 15
2a0
Convert -1178 (base 14) to base 8.
-5746
10002211 (base 3) to base 13
1051
Convert -20665 (base 7) to base 6.
-35451
Convert -21003 (base 4) to base 10.
-579
Convert -1128 (base 9) to base 12.
-598
-a15 (base 14) to base 11
-153a
Convert 2803 (base 9) to base 4.
200331
What is -7858 (base 12) in base 2?
-11010000000100
Convert -146a (base 14) to base 13.
-1858
Convert 140a (base 14) to base 7.
13213
Convert 231 (base 4) to base 13.
36
-1042303 (base 5) to base 2
-100100000010101
What is 5807 (base 11) in base 7?
31150
Convert 1101101011100 (base 2) to base 10.
7004
-10749 (base 13) to base 3
-1111212220
-18 (base 15) to base 9
-25
What is 11032 (base 10) in base 9?
16117
What is -c917 (base 13) in base 5?
-1343110
Convert -33b (base 14) to base 6.
-2545
-33053 (base 8) to base 11
-a467
Convert 10011011011 (base 2) to base 8.
2333
What is 3221 (base 6) in base 15?
33d
What is -152441 (base 6) in base 10?
-14857
Convert -163 (base 14) to base 12.
-1b7
What is -99b (base 13) in base 10?
-1649
What is -1002422 (base 5) in base 11?
-11014
Convert 205140 (base 6) to base 14.
6124
-2071 (base 8) to base 15
-4c1
-6602 (base 12) to base 6
-124002
Convert -63b (base 12) to base 6.
-4115
Convert 1808 (base 9) to base 8.
2551
What is -14018 (base 9) in base 3?
-111000122
What is -115c6 (base 15) in base 10?
-55311
What is -15890 (base 10) in base 3?
-210210112
Convert 3444 (base 7) to base 2.
10011101001
Convert -411 (base 7) to base 3.
-21120
What is 10454 (base 6) in base 11?
1120
What is -28a (base 15) in base 11?
-488
What is -2201301 (base 5) in base 15?
-b286
What is -68583 (base 9) in base 13?
-17a39
Convert -4703 (base 13) to base 2.
-10011011110110
2397 (base 14) to base 8
14101
What is 20440 (base 8) in base 2?
10000100100000
Convert -14010 (base 5) to base 9.
-1485
-107a2 (base 11) to base 15
-4950
What is -101000222 (base 3) in base 8?
-16224
-1290 (base 13) to base 8
-5134
-336 (base 12) to base 5
-3344
Convert 230304 (base 6) to base 11.
13765
Convert -45613 (base 10) to base 16.
-b22d
What is a636 (base 13) in base 7?
124066
-101311 (base 4) to base 7
-3220
775 (base 8) to base 13
302
What is 216c (base 16) in base 7?
33642
What is -101153 (base 7) in base 4?
-10031111
-3174 (base 11) to base 6
-31231
What is cc91 (base 15) in base 9?
65401
Convert 454250 (base 6) to base 10.
38550
-110000011011 (base 2) to base 11
-2368
Convert 508c (base 14) to base 10.
13844
Convert -1025221 (base 6) to base 9.
-76134
4a54 (base 11) to base 6
50305
-b9d (base 16) to base 8
-5635
What is 140 (base 5) in base 2?
101101
Convert -1811 (base 10) to base 9.
-2432
What is -37574 (base 8) in base 2?
-11111101111100
What is 1011101110110010 (base 2) in base 4?
23232302
Convert -11001000010010 (base 2) to base 16.
-3212
What is -20185 (base 9) in base 11?
-9a83
Convert 156 (base 10) to base 15.
a6
Convert -940 (base 15) to base 7.
-6036
Convert -d6 (base 14) to base 10.
-188
Convert 9561 (base 10) to base 8.
22531
What is -a071 (base 11) in base 16?
-344c
What is -10b76 (base 14) in base 13?
-1568c
1101011011000 (base 2) to base 12
3b88
5920 (base 14) to base 11
10722
-1304221 (base 5) to base 12
-12961
20001 (base 4) to base 15
243
Convert 1626 (base 16) to base 15.
1a30
What is 5a68 (base 13) in base 14?
4917
Convert -622 (base 15) to base 13.
-824
What is 24a (base 16) in base 11?
493
What is -2e90 (base 16) in base 9?
-17314
1110100 (base 2) to base 5
431
What is 2635 (base 14) in base 12?
3a73
1e6e (base 15) to base 16
19e5
Convert 1ecb (base 15) to base 5.
203331
What is -2212100 (base 3) in base 16?
-828
Convert 23dc (base 16) to base 14.
34ba
What is 1441 (base 5) in base 9?
303
Convert -983 (base 13) to base 4.
-121130
Convert -302312 (base 4) to base 12.
-1a72
What is 11201111 (base 4) in base 10?
22613
What is -2a03 (base 11) in base 4?
-330203
Convert 4110 (base 16) to base 5.
1013111
Convert 35 (base 11) to base 5.
123
What is -401a (base 13) in base 7?
-34455
-377 (base 8) to base 4
-3333
Convert 1106 (base 7) to base 9.
482
What is -795 (base 13) in base 10?
-1305
Convert 23130 (base 4) to base 12.
510
Convert 1806 (base 15) to base 8.
12075
Convert 10100111001110 (base 2) to base 8.
24716
Convert 262 (base 12) to base 6.
1402
What is 1a26 (base 15) in base 10?
5661
Convert 4fb9 (base 16) to base 3.
1000222220
Convert -2210110 (base 3) to base 5.
-31122
What is 64a1 (base 12) in base 14?
4065
1045 (base 7) to base 3
111221
-1421 (base 6) to base 14
-1c9
Convert -1561 (base 12) to base 16.
-9d9
10555 (base 6) to base 5
22021
Convert -32746 (base 8) to base 5.
-420143
What is -561 (base 10) in base 2?
-1000110001
What is 1245 (base 6) in base 7?
632
Convert 154 (base 14) to base 5.
2040
21211210 (base 3) to base 12
3386
Convert 6891 (base 14) to base 6.
220023
Convert -24442 (base 6) to base 16.
-e2a
What is 778 (base 16) in base 10?
1912
2624 (base 9) to base 5
30331
What is -3324 (base 5) in base 12?
-328
What is -4237 (base 10) in base 6?
-31341
What is -102030212 (base 4) in base 3?
-10210020112
-46 (base 13) to base 6
-134
2451 (base 7) to base 4
32112
-90 (base 13) to base 8
-165
Convert -11011110 (base 3) to base 14.
-116c
What is 163243 (base 7) in base 6?
405511
What is 110345 (base 6) in base 2?
10001111111001
Convert 60786 (base 9) to base 12.
1b1a3
What is 10235 (base 7) in base 9?
3415
What is 3058 (base 10) in base 5?
44213
Convert -334b (base 14) to base 9.
-13164
Convert 73e2 (base 16) to base 3.
1111200202
Convert -2163 (base 7) to base 16.
-30c
What is 22021 (base 3) in base 14?
11d
What is -101010100001 (base 2) in base 16?
-aa1
10110011 (base 2) to base 7
344
2403 (base 5) to base 12
255
Convert 12903 (base 10) to base 13.
5b47
Convert -32120 (base 4) to base 6.
-4132
What is 5fad (base 16) in base 12?
12211
Convert -11011222 (base 3) to base 15.
-d85
1305 (base 7) to base 15
230
Convert 426 (base 13) to base 16.
2c4
What is -819 (base 14) in base 11?
-1217
Convert 12 (base 14) to base 8.
20
What is -b0a (base 12) in base 7?
-4435
Convert 1027 (base 12) to base 9.
2364
-4217 (base 13) to base 6
-110202
What is 802 (base 14) in base 12?
aaa
What is 1685 (base 12) in base 16?
a85
Convert -11646 (base 12) to base 13.
-a848
What is 5551 (base 9) in base 3?
12121201
Convert -1142125 (base 6) to base 16.
-eac5
-929 (base 11) to base 6
-5104
3151 (base 6) to base 7
2041
Convert -412 (base 5) to base 11.
-98
23244 (base 5) to base 12
b97
What is 23b (base 13) in base 16?
184
Convert -21244 (base 5) to base 15.
-669
What is -33b4 (base 14) in base 6?
-105322
Convert -10a5 (base 11) to base 14.
-754
13333303 (base 4) to base 9
48834
1143 (base 8) to base 2
1001100011
What is -166a1 (base 12) in base 2?
-111110101011001
Convert 28 (base 14) to base 16.
24
What is 1010044 (base 5) in base 10?
16274
-2029 (base 15) to base 10
-6789
What is 100430 (base 6) in base 5?
223223
15216 (base 8) to base 5
204143
What is -51414 (base 6) in base 9?
-10351
What is 12322 (base 9) in base 7?
33101
What is 100110 (base 3) in base 16?
ff
Convert -63443 (base 8) to base 9.
-40186
Convert 8720 (base 14) to base 16.
5b38
What is 9a9 (base 16) in base 7?
10132
Convert -210113 (base 4) to base 8.
-4427
-3011223 (base 4) to base 7
-51612
Convert 5c7 (base 14) to base 4.
102003
What is -114e (base 15) in base 9?
-5032
6434 (base 11) to base 15
27c2
What is 1814 (base 16) in base 4?
1200110
What is -233 (base 14) in base 12?
-305
Convert 7a75 (base 15) to base 16.
6581
10033220 (base 4) to base 15
523e
-665 (base 9) to base 2
-1000100001
-986 (base 10) to base 5
-12421
Convert -26b (base 16) to base 10.
-619
What is -2a90 (base 13) in base 9?
-8450
63 (base 15) to base 13
72
What is -213 (base 6) in base 11?
-74
26054 (base 9) to base 7
102103
Convert -fce (base 16) to base 8.
-7716
Convert -aa8a (base 11) to base 4.
-3210122
Convert 111030 (base 4) to base 6.
10140
Convert 1430013 (base 5) to base 12.
15448
What is -6258 (base